). Determine k(z).
-4
Let x(o) be the first derivative of -17*o**2/2 + o - 47. Give x(1).
-16
Let q(y) = -15*y + 1. Let w be 6/8*2 - 108/24. Calculate q(w).
46
Let c = -3 + 6. Let b be (2 - 4)*(-3)/6. Let r(y) = b - 6*y + y + 4*y. Give r(c).
-2
Let w(b) = -2*b**3 - 10*b**2. Let y be w(-5). Suppose -4*i + 7*i = y. Let p(z) = z**2 - 24. Calculate p(i).
-24
Suppose x - 2*d = 2*d + 17, -4*x + 12 = -2*d. Let j be (5 - x) + -4 + 2. Let v(z) = -7*z + 2. What is v(j)?
-12
Let b(f) be the second derivative of 27*f + 0 + 9/2*f**2 - 1/6*f**3. Let n(h) = h + 2. Let r be n(3). Determine b(r).
4
Let z(f) be the third derivative of -f**6/120 + f**5/15 - f**3/2 + 21*f**2 + f. What is z(4)?
-3
Let u be ((-1)/2)/((-3)/(-30)). Let f(q) be the second derivative of q**5/20 + 5*q**4/12 + q**3/3 + 7*q**2/2 - 154*q. Calculate f(u).
-3
Let s = -60 + 63. Suppose 16 = w - s*w. Let c(v) = -v**2 - 8*v + 6. Give c(w).
6
Let s = 40 - 11. Let m = -27 + s. Let j(o) = -5*o + 2 - 2. Determine j(m).
-10
Let n be 1 - ((2 - 2) + -17). Suppose 51*f - 46 = -2*i + 53*f, 0 = i - 2*f - 27. Let p = n - i. Let s(g) = 6*g**2. What is s(p)?
6
Let z(m) be the second derivative of 1/3*m**4 - 1/6*m**3 + 1/20*m**5 - 2*m**2 + 5*m + 0. Let c be 2/((3 + -1)/(-4)). Determine z(c).
0
Suppose -4 = -5*i + 2*f, -4*i = 3*f - 6*f + 1. Suppose -3*c = -5*q - 6 - 6, 2*q - i*c + 4 = 0. Let o(s) = 2*s + 1. Determine o(q).
-5
Let v(t) = -24 - 27 + 75 - 20 - 4*t + 18*t. Determine v(3).
46
Let x be 4*(-1 + (-69)/(-6)). Let w = x - 37. Let s(f) = -f**3 + 6*f**2 - 3*f - 5. Determine s(w).
5
Let p(n) = 2*n - 3. Let s(a) be the first derivative of -a**2/2 + 20*a + 14. Let r be s(16). What is p(r)?
5
Suppose -2*l + 4*l - 4*m + 18 = 0, -2*l + 22 = 4*m. Let n(o) = 4*o + 72. Let u(p) = -p - 24. Let h(y) = -n(y) - 3*u(y). Calculate h(l).
-1
Let m(j) = 2*j + 15. Let x be m(-6). Let v(g) = g**3 + 6*g**2 + 0*g**x + 3*g**2 - g**2 - 6. Calculate v(-8).
-6
Let l(a) = -6*a**3 + a**2 + a. Let o be (4 - 3)*-1*0. Let u be o + 3 + (-3 - 5). Let h = -6 - u. Give l(h).
6
Let d(f) = -46*f**2 - 15*f + 75. Let y(l) = 25*l**2 + 8*l - 37. Let b(m) = 6*d(m) + 11*y(m). What is b(-8)?
-5
Let o be 108/(-4 + 5 + -2). Let j be (-10)/(-25) - o/(-20). Let w(m) = 2*m + 0*m - 4 - m. Determine w(j).
-9
Let u(s) be the third derivative of s**5/60 - s**4/8 + s**3 - 3*s**2 - 6. Give u(3).
6
Let g(r) = r**3 - 5*r**2 - 8*r + 11. Suppose b = -4*q + 5*b + 8, -3*b = -12. Give g(q).
-1
Let o(n) = 5*n**2 + 182*n**3 + n**2 + 9 - n - 183*n**3 - n**2 + 2*n**2. Calculate o(7).
2
Suppose 5*p - 10*p = 0. Suppose p = 3*b - 6. Let d(q) = 5 - b*q**3 - 3*q - 2 + 3*q**2 + 0 - 1. Calculate d(2).
-8
Let h(v) = -2*v + 9. Let w = -93 + 102. What is h(w)?
-9
Let g = 6 - 2. Let c(d) = -d**3 + 0*d + g*d**2 + 6*d + d - 4. Suppose 11*o - 87 = -32. Give c(o).
6
Let k(l) be the first derivative of -l**2/2 + 12*l - 156. Give k(6).
6
Suppose -l = 4*y - 2 - 5, -2*l = -3*y + 19. Let x(j) be the first derivative of -y + j + 1/2*j**2. Calculate x(6).
7
Suppose 0 = -6*b + 10*b - 2*v - 12, 4*b - v - 16 = 0. Let w(i) = -3*i + 6. Calculate w(b).
-9
Suppose -l + 3*t = 11 + 6, 0 = -5*l + 2*t - 20. Let p(m) = -3 + 1 - 7*m + 5*m. Determine p(l).
2
Let l(z) be the second derivative of -z**8/6720 + z**6/180 - z**5/40 + 11*z**4/12 + 21*z. Let c(a) be the third derivative of l(a). What is c(2)?
-3
Let f(d) = -1542*d + 2 - 1 + 1547*d. Give f(-3).
-14
Let f(x) = -x. Suppose -4*q + 2*j = -8, 4*j = 4*q - 0*q - 8. Let i(g) = 2 - g + 0*g - 6 + g**q + 7. Let h(v) = 4*f(v) - i(v). What is h(-2)?
-1
Let h(d) = d + 4. Suppose 4*v + 38 = 90. Let r = v + -19. Let m be -2*(-3 - 9/r). Give h(m).
7
Let n(k) = 5*k**3 - 208*k**2 + 122*k + 27. Let f be n(41). Let d(h) be the second derivative of h**4/12 + 7*h**3/3 + h. What is d(f)?
0
Let v be (-12)/(-7) + 6/21. Suppose 0*t - v*t = 10. Let f(z) = -z**2 - 4*z + 2. Calculate f(t).
-3
Let l(i) = -i**2 - 30*i - 5. Let m(q) = -3*q - 1. Let d(o) = l(o) - 6*m(o). Determine d(-11).
12
Let q(s) = -s - 1. Let h(w) = -w**2 - 2*w + 12. Let k(a) = -h(a) - 6*q(a). Suppose 0 = -10*z + 8*z + 79*z + 616. Determine k(z).
-6
Let v(n) = -n + 1. Suppose 96*z = 48*z + 288. Let l(j) = -6 + 6*j - j**2 + 1 - 1. Let t be l(z). Give v(t).
7
Let n(d) = d**3 - 10*d**2 + 10*d - 2. Let l(o) = -o**2 - 13*o - 1. Let y be l(-12). Let h = y - 2. Calculate n(h).
7
Let t(d) = -10*d + 1. Let v(u) = 23*u - 3. Let h(z) = -5*t(z) - 2*v(z). Give h(-2).
-7
Let f(s) = s**2 + 11*s + 2. Let m be 1920/120*1/(-4)*2. Determine f(m).
-22
Let r(k) = k**2. Let m(z) = z**2. Let o(d) = -4*m(d) + 3*r(d). Suppose 0 = -p + 3*p + 8, -13 = -3*u + 4*p. Determine o(u).
-1
Suppose 5*p - 4*u - 16 = -0*p, 5*u = -5*p + 25. Let z(a) = 6*a**2 - a**2 - p*a**3 + 13*a**3 + 3*a - 8*a**3. Calculate z(-3).
9
Let d(g) be the first derivative of 0*g**2 + 1/3*g**3 + 21 - 19*g. What is d(0)?
-19
Let l(c) = 2*c + 1. Let w be -3*(-2)/(-9)*-3. Suppose w = -4*b + 3*b. Let g be (b - (-1 + 1)) + 5. What is l(g)?
7
Let p(b) = b**3 + 12*b**2 - b - 8. Let k be p(-12). Let z(j) = -5 - k*j + 15 - 7. Let h(i) = 6*i - 4. Let f(l) = -5*h(l) - 7*z(l). Determine f(-5).
9
Let r(v) be the second derivative of v**3/6 + v. Suppose -3*t + 4*t - 6 = 0. Suppose -2*i + 14 = -2*p + t*p, 4*i - 13 = -5*p. Determine r(i).
-3
Suppose -43 + 3 = -4*s. Let b(h) = s*h + 55 + 8*h**2 + 49 + h**3 - 103. Calculate b(-7).
-20
Let o(w) = -w**2 - 11*w - 5. Suppose 127 = f + 138. Determine o(f).
-5
Let d(r) = -2*r**2 - 12*r - 11. Let f be d(-5). Let g be (12/30)/(f/(-5)). Let i(w) = 2*w + 2. Determine i(g).
6
Let q(d) be the second derivative of -1/3*d**4 + 1/2*d**3 + 3/2*d**2 + 34*d + 0. Give q(3).
-24
Let v(j) = j - 6. Let n be v(6). Suppose -o - y = 0, -y = 2*o - n*o. Let m(i) be the second derivative of i**5/20 + i**3/6 + 3*i**2 - 7*i. Calculate m(o).
6
Suppose 4*q + 2*w + 0*w = 22, -16 = -q - 4*w. Let x(g) = -g**3 + 4*g**2 + 2*g + 2. Give x(q).
10
Suppose -12 = -r - 5*l, -6 = -0*r - 2*r - l. Let i(q) = 2*q - 6 - 8*q**2 - 9*q + 7*q**r. Give i(-5).
4
Suppose 35 = -2*z + 9*z. Let b(n) = 2*n**2 - 7*n + 12. Give b(z).
27
Let f(c) = 32 - 60 + 29 - 4*c**2. Calculate f(-1).
-3
Let p = -4 + 5. Let u(g) = 16*g - 1 + p - 13*g. Suppose -4*x = 2*n - 2*x + 4, 5*x = n - 22. Determine u(n).
6
Suppose 36*w - 262 = -370. Let r(p) = 2*p + 1. Determine r(w).
-5
Let w(z) = z**2 + 4*z - 2. Suppose -4*o + j - 11 = 19, -o - 1 = 3*j. Let y = 3 - o. Suppose 5*v + 5 = 0, 0 = -3*f - 0*f + 2*v - y. Give w(f).
-2
Let p be (-18)/(-5)*(-4 - 88/(-12)). Let m(u) = -3 - 4 + u**3 + p - 2 - 3*u. Determine m(-3).
-15
Let f be 5/1 + (5 - 7). Suppose -5*k - 175 = -3*i + 5, -f*i - 3*k = -156. Let v be -4*(i/(-20) - -4). Let c(d) = -2*d + 1. Calculate c(v).
11
Let m(x) = -x**3 - x**2 - x - 8. Let a be (4/(-5))/(12/(-90)). Let k be ((2 - 4) + -4 + a)/2. Give m(k).
-8
Let l(w) be the first derivative of w**5/20 - w**4/24 - 7*w**3 - 6. Let k(i) be the third derivative of l(i). Calculate k(1).
5
Let s = -271 + 278. Let n(x) = x**2 - 6*x + 3. Determine n(s).
10
Let p(z) = 3*z**2 + 3*z + 7. Let f(d) = -d**2 - d. Let c(x) = -4*f(x) - p(x). Calculate c(0).
-7
Suppose 13*t = 772 - 2267. Let n = -118 - t. Let l(q) = -q**3 - 2*q**2 + 2*q - 3. Calculate l(n).
0
Let n(o) = 3 - 10*o + 35*o - 35*o - 7*o - 1. Give n(-1).
19
Let p = -1 + -5. Let t(r) = 7*r**2 + 3*r + 3. Let u(i) = 15*i**2 + 3*i - 30*i + 33*i + 7. Let m(l) = p*u(l) + 13*t(l). Calculate m(-3).
-3
Let s(j) be the third derivative of j**8/6720 - j**7/1260 + j**6/144 - j**5/40 - 35*j**4/24 - 4*j**2. Let p(g) be the second derivative of s(g). Determine p(3).
21
Let j(o) = o**3 - o**2 - 7*o + 3. Let v(z) = -z + 10. Let f be v(7). Give j(f).
0
Let x be 1/(2 - 3)*-1. Suppose -2*u + 5*r = -14 - 17, 3*u - 4*r - 29 = 0. Let i(d) = 2*d - d - u*d + 1. Determine i(x).
-1
Let m = 4 + -4. Let k = -27 - -30. Let p(j) = m + 3 + k*j + j - 2*j. Calculate p(-3).
-3
Let y(i) be the first derivative of -i**2/2 + 8*i - 2. Suppose 30*g - 80 = 130. What is y(g)?
1
Let k(i) = i**2 - 5*i - 2. Let j be (-6)/4*(-1 - 1). Suppose 0 = 5*s - 11 - 14. Suppose 2*l - 13 = -o, l = s*o - j*l + 5. Determine k(o).
-8
Let z(f) = -2*f + 51. Let y be z(24). Suppose -a + y = -5*s + 10, 5*a = 15. Let n(d) = 2 - 4*d**2 - 3*d**2 + 6*d**2 + d. Calculate n(s).
0
Let q(j) = -j**2 + 3*j - 2. Let r be 16/20*(-5)/(-